{"id":114,"date":"2014-11-09T09:43:52","date_gmt":"2014-11-09T08:43:52","guid":{"rendered":"http:\/\/andrea.modelberg.it\/cms\/?page_id=114"},"modified":"2014-11-09T13:44:18","modified_gmt":"2014-11-09T12:44:18","slug":"volksplane-vp-1","status":"publish","type":"page","link":"http:\/\/andrea.modelberg.it\/?page_id=114","title":{"rendered":"Volksplane VP-1"},"content":{"rendered":"<p><a href=\"http:\/\/andrea.modelberg.it\/cms\/wp-content\/uploads\/2014\/11\/ibyra.jpg\"><img loading=\"lazy\" decoding=\"async\" src=\"http:\/\/andrea.modelberg.it\/cms\/wp-content\/uploads\/2014\/11\/ibyra.jpg\" alt=\"Aeroporto di Orio al Serio (LIME) in un caldo e luminoso pomeriggio d&#039; estate...\" width=\"480\" height=\"172\" class=\"alignnone size-full wp-image-101\" \/><\/a><br \/>\nVolare con l&#8217; aeroplano che ho costruito con le mie stesse mani \u00e8 stata la pi\u00f9 bella esperienza che abbia mai vissuto. Un&#8217; avventura stupenda, lunga e a volte anche stressante, ma che \u00e8 culminata in una delle emozioni pi\u00f9 intense che mi sia mai capitato di provare, emozione che si ripete tutte le volte che salgo in quella piccola cabina dopo aver avviato a mano il fedele Volkswagen avionizzato. Queste pagine sono dedicate interamente a questa meravigliosa avventura, e dettagliano tutta la cronologia della costruzione, le decisioni, gli sbagli e le idee personali del sottoscritto, con la speranza di essere di ispirazione a tutti gli attuali e potenziali costruttori amatoriali, e soprattutto con lo scopo di celebrare degnamente questa semplice, squadrata e stupenda macchina volante che William Samuel &#8220;Bud&#8221; Evans ha presentato alla comunit\u00e0 dei costruttori amatoriali nello stesso anno in cui sono nato.<\/p>\n","protected":false},"excerpt":{"rendered":"<p>Volare con l&#8217; aeroplano che ho costruito con le mie stesse mani \u00e8 stata la pi\u00f9 bella esperienza che abbia[&#8230;]<\/p>\n","protected":false},"author":1,"featured_media":0,"parent":108,"menu_order":0,"comment_status":"closed","ping_status":"closed","template":"","meta":{"footnotes":""},"class_list":["post-114","page","type-page","status-publish","hentry"],"_links":{"self":[{"href":"http:\/\/andrea.modelberg.it\/index.php?rest_route=\/wp\/v2\/pages\/114","targetHints":{"allow":["GET"]}}],"collection":[{"href":"http:\/\/andrea.modelberg.it\/index.php?rest_route=\/wp\/v2\/pages"}],"about":[{"href":"http:\/\/andrea.modelberg.it\/index.php?rest_route=\/wp\/v2\/types\/page"}],"author":[{"embeddable":true,"href":"http:\/\/andrea.modelberg.it\/index.php?rest_route=\/wp\/v2\/users\/1"}],"replies":[{"embeddable":true,"href":"http:\/\/andrea.modelberg.it\/index.php?rest_route=%2Fwp%2Fv2%2Fcomments&post=114"}],"version-history":[{"count":2,"href":"http:\/\/andrea.modelberg.it\/index.php?rest_route=\/wp\/v2\/pages\/114\/revisions"}],"predecessor-version":[{"id":125,"href":"http:\/\/andrea.modelberg.it\/index.php?rest_route=\/wp\/v2\/pages\/114\/revisions\/125"}],"up":[{"embeddable":true,"href":"http:\/\/andrea.modelberg.it\/index.php?rest_route=\/wp\/v2\/pages\/108"}],"wp:attachment":[{"href":"http:\/\/andrea.modelberg.it\/index.php?rest_route=%2Fwp%2Fv2%2Fmedia&parent=114"}],"curies":[{"name":"wp","href":"https:\/\/api.w.org\/{rel}","templated":true}]}}